{"id":1012,"date":"2025-07-30T16:15:24","date_gmt":"2025-07-30T22:15:24","guid":{"rendered":"https:\/\/bocimx.com.mx\/inicio\/?post_type=product&#038;p=1012"},"modified":"2025-09-13T11:34:18","modified_gmt":"2025-09-13T17:34:18","slug":"bocina-sy-306","status":"publish","type":"product","link":"https:\/\/bocimx.com.mx\/inicio\/product\/bocina-sy-306\/","title":{"rendered":"Bocina SY-306"},"content":{"rendered":"<p>Excelente calidad de sonido<br \/>\nLos parlantes de rango completo de 8 W y el radiador pasivo superior brindan un audio sorprendentemente rico y claro, lo que le permite sumergirse en la m\u00fasica en cualquier momento y en cualquier lugar.<\/p>\n<p>Ampliamente adecuado para diversas ocasiones.<br \/>\nNuestros ponentes son el compa\u00f1ero perfecto para cualquier evento. Compatible con computadoras, tel\u00e9fonos inteligentes, tabletas, consolas de juegos y otros dispositivos con Bluetooth, admite Bluetooth, tarjeta TF, USB, modulaci\u00f3n de frecuencia FM y modo AUX. Ya sea una fiesta animada o un concierto en solitario, este altavoz es su primera opci\u00f3n para disfrutar de una excelente calidad de sonido y efectos visuales.<\/p>\n<p>La mejor opci\u00f3n de regalo<br \/>\nMini altavoz lindo y exquisito con un sonido potente y una luz hermosa, es la mejor opci\u00f3n de regalo para ni\u00f1os, familiares y amigos. Se puede utilizar para cualquier ocasi\u00f3n, como yoga, reuniones de amigos, acampar al aire libre con familiares y amigos, Navidad, Pascua, Acci\u00f3n de Gracias, cumplea\u00f1os, aniversarios, D\u00eda de la Madre, D\u00eda del Padre, Halloween, bodas, etc.<\/p>\n<p>El emparejamiento TWS duplica la diversi\u00f3n<br \/>\nDuplica tu disfrute emparejando de forma inal\u00e1mbrica dos altavoces del mismo modelo. Esta funci\u00f3n TWS (True Wireless Stereo) aumenta el volumen, mejora la iluminaci\u00f3n y proporciona una experiencia de sonido envolvente para sumergirte verdaderamente en tu ambiente de juego o fiesta.<\/p>\n<p>Bater\u00eda de larga duraci\u00f3n<br \/>\nEquipado con una potente bater\u00eda recargable de 1200 mAh, puede reproducir de forma continua durante m\u00e1s de 3 horas. A\u00fan mejor, admite la carga mientras se reproduce, lo que garantiza que su m\u00fasica nunca se detenga.<\/p>\n<p>Par\u00e1metros de especificaci\u00f3n<br \/>\nModelo de producto: MC-SY-933<br \/>\ngama de frecuencias altavoz: 100HZ-20KHZ<br \/>\nVersi\u00f3n de Bluetooth: 5.1<br \/>\nFunciones compatibles: BT\/TF\/AUX\/FM\/TWS<br \/>\nDistancia de Bluetooth: unos 10 metros<br \/>\nNombre de Bluetooth: SY-933<br \/>\nTensi\u00f3n nominal: CC 5 V.<br \/>\nPotencia nominal: 8W<br \/>\nTiempo de carga: 2-3 horas<br \/>\nCapacidad de la bater\u00eda: 1200 mAh<\/p>\n","protected":false},"excerpt":{"rendered":"<p>Disfruta un sonido claro y potente con este altavoz Bluetooth de 8\u202fW, ideal para cualquier ocasi\u00f3n. Compatible con m\u00faltiples dispositivos y modos de reproducci\u00f3n, incluye funci\u00f3n TWS, luces decorativas y bater\u00eda de larga duraci\u00f3n. Compacto, vers\u00e1til y perfecto como regalo para cualquier celebraci\u00f3n.<\/p>\n","protected":false},"featured_media":1014,"template":"","meta":{"site-sidebar-layout":"default","site-content-layout":"","ast-site-content-layout":"default","site-content-style":"default","site-sidebar-style":"default","ast-global-header-display":"","ast-banner-title-visibility":"","ast-main-header-display":"","ast-hfb-above-header-display":"","ast-hfb-below-header-display":"","ast-hfb-mobile-header-display":"","site-post-title":"","ast-breadcrumbs-content":"","ast-featured-img":"","footer-sml-layout":"","ast-disable-related-posts":"","theme-transparent-header-meta":"","adv-header-id-meta":"","stick-header-meta":"","header-above-stick-meta":"","header-main-stick-meta":"","header-below-stick-meta":"","astra-migrate-meta-layouts":"default","ast-page-background-enabled":"default","ast-page-background-meta":{"desktop":{"background-color":"var(--ast-global-color-5)","background-image":"","background-repeat":"repeat","background-position":"center center","background-size":"auto","background-attachment":"scroll","background-type":"","background-media":"","overlay-type":"","overlay-color":"","overlay-opacity":"","overlay-gradient":""},"tablet":{"background-color":"","background-image":"","background-repeat":"repeat","background-position":"center center","background-size":"auto","background-attachment":"scroll","background-type":"","background-media":"","overlay-type":"","overlay-color":"","overlay-opacity":"","overlay-gradient":""},"mobile":{"background-color":"","background-image":"","background-repeat":"repeat","background-position":"center center","background-size":"auto","background-attachment":"scroll","background-type":"","background-media":"","overlay-type":"","overlay-color":"","overlay-opacity":"","overlay-gradient":""}},"ast-content-background-meta":{"desktop":{"background-color":"var(--ast-global-color-4)","background-image":"","background-repeat":"repeat","background-position":"center center","background-size":"auto","background-attachment":"scroll","background-type":"","background-media":"","overlay-type":"","overlay-color":"","overlay-opacity":"","overlay-gradient":""},"tablet":{"background-color":"var(--ast-global-color-4)","background-image":"","background-repeat":"repeat","background-position":"center center","background-size":"auto","background-attachment":"scroll","background-type":"","background-media":"","overlay-type":"","overlay-color":"","overlay-opacity":"","overlay-gradient":""},"mobile":{"background-color":"var(--ast-global-color-4)","background-image":"","background-repeat":"repeat","background-position":"center center","background-size":"auto","background-attachment":"scroll","background-type":"","background-media":"","overlay-type":"","overlay-color":"","overlay-opacity":"","overlay-gradient":""}}},"product_brand":[],"product_cat":[42],"product_tag":[],"class_list":{"0":"post-1012","1":"product","2":"type-product","3":"status-publish","4":"has-post-thumbnail","6":"product_cat-bocinas","7":"product_shipping_class-ligero","8":"desktop-align-left","9":"tablet-align-left","10":"mobile-align-left","12":"first","13":"outofstock","14":"shipping-taxable","15":"purchasable","16":"product-type-simple"},"_links":{"self":[{"href":"https:\/\/bocimx.com.mx\/inicio\/wp-json\/wp\/v2\/product\/1012","targetHints":{"allow":["GET"]}}],"collection":[{"href":"https:\/\/bocimx.com.mx\/inicio\/wp-json\/wp\/v2\/product"}],"about":[{"href":"https:\/\/bocimx.com.mx\/inicio\/wp-json\/wp\/v2\/types\/product"}],"wp:featuredmedia":[{"embeddable":true,"href":"https:\/\/bocimx.com.mx\/inicio\/wp-json\/wp\/v2\/media\/1014"}],"wp:attachment":[{"href":"https:\/\/bocimx.com.mx\/inicio\/wp-json\/wp\/v2\/media?parent=1012"}],"wp:term":[{"taxonomy":"product_brand","embeddable":true,"href":"https:\/\/bocimx.com.mx\/inicio\/wp-json\/wp\/v2\/product_brand?post=1012"},{"taxonomy":"product_cat","embeddable":true,"href":"https:\/\/bocimx.com.mx\/inicio\/wp-json\/wp\/v2\/product_cat?post=1012"},{"taxonomy":"product_tag","embeddable":true,"href":"https:\/\/bocimx.com.mx\/inicio\/wp-json\/wp\/v2\/product_tag?post=1012"}],"curies":[{"name":"wp","href":"https:\/\/api.w.org\/{rel}","templated":true}]}}