{"id":1026,"date":"2025-07-30T16:53:15","date_gmt":"2025-07-30T22:53:15","guid":{"rendered":"https:\/\/bocimx.com.mx\/inicio\/?post_type=product&#038;p=1026"},"modified":"2025-09-12T16:17:39","modified_gmt":"2025-09-12T22:17:39","slug":"bocina-bs-68","status":"publish","type":"product","link":"https:\/\/bocimx.com.mx\/inicio\/product\/bocina-bs-68\/","title":{"rendered":"Bocina BS-68"},"content":{"rendered":"<p>Calidad de sonido impactante, subwoofer potente.<br \/>\nEquipado con un potente subwoofer de 4 pulgadas, te brinda una experiencia de graves impactante. Ya sea una banda sonora de pel\u00edcula apasionante o un ritmo musical din\u00e1mico, puede presentarse de manera perfecta, haci\u00e9ndote sentir como si estuvieras en un concierto. La adici\u00f3n del subwoofer hace que las frecuencias bajas sean m\u00e1s profundas y los efectos de sonido m\u00e1s completos y fuertes, agregando m\u00e1s capas a su fest\u00edn auditivo.<\/p>\n<p>Aspecto elegante, el efecto de iluminaci\u00f3n RGB agrega encanto.<br \/>\nEl altavoz tiene un dise\u00f1o elegante y simple, adecuado para diversos entornos dom\u00e9sticos y de oficina. Al mismo tiempo, tambi\u00e9n cuenta con fant\u00e1sticos efectos de iluminaci\u00f3n RGB, que parpadean y cambian con el ritmo de la m\u00fasica, creando una atm\u00f3sfera \u00fanica para ti. Mientras disfruta de la m\u00fasica, tambi\u00e9n puede brindarle disfrute visual y hacer que su vida sea m\u00e1s colorida.<\/p>\n<p>M\u00faltiples funciones para satisfacer sus diversas necesidades.<br \/>\nDise\u00f1o desmontable: el cuerpo del altavoz se puede dividir en varias partes, puede colocarlas y combinarlas de manera flexible seg\u00fan las necesidades reales. Ya sea que se coloque en la sala de estar, el dormitorio o la oficina, se puede integrar f\u00e1cilmente en varios dise\u00f1os de espacios y mostrar una personalidad \u00fanica.<\/p>\n<p>Conexi\u00f3n inal\u00e1mbrica Bluetooth: admite la tecnolog\u00eda est\u00e9reo inal\u00e1mbrica verdadera TWS, que se puede emparejar f\u00e1cilmente con otros dispositivos que admitan esta tecnolog\u00eda para lograr una conexi\u00f3n m\u00e1s amplia y una experiencia de sonido m\u00e1s rica. Mientras disfruta de m\u00fasica de alta calidad, puede deshacerse de las limitaciones de los cables y disfrutar de la libertad y la comodidad que brinda la tecnolog\u00eda inal\u00e1mbrica.<\/p>\n<p>F\u00e1cil de conectar y compatible con m\u00faltiples dispositivos.<br \/>\nEl altavoz admite conexi\u00f3n Bluetooth y se puede emparejar r\u00e1pidamente con una variedad de dispositivos como tel\u00e9fonos m\u00f3viles, tabletas, computadoras, televisores, etc. Ya sea viendo pel\u00edculas, jugando o escuchando m\u00fasica, puede cambiar sin problemas para satisfacer las necesidades de diferentes escenarios. Adem\u00e1s, tambi\u00e9n cuenta con abundantes interfaces, como AUX, USB, etc., lo que garantiza que puedas disfrutar de un sonido de alta calidad incluso a trav\u00e9s de una conexi\u00f3n por cable.<\/p>\n<p>Experiencia de cine en casa, creando una fiesta audiovisual privada.<br \/>\nComo sistema de audio de cine en casa, se puede combinar perfectamente con televisores, proyectores y otros dispositivos para ofrecerle efectos de sonido envolvente de nivel cinematogr\u00e1fico. Al ver pel\u00edculas, el posicionamiento del sonido es preciso y el sonido envolvente es fuerte, lo que brinda a las personas una sensaci\u00f3n inmersiva y real. Ya sea una pel\u00edcula de acci\u00f3n emocionante o un drama emotivo delicado y conmovedor, puedes sumergirte en la historia y disfrutar de la diversi\u00f3n sin fin que ofrece el medio audiovisual.<\/p>\n<p>Mejora la calidad del sonido<br \/>\nPara los usuarios de computadoras y televisores, este altavoz es una excelente opci\u00f3n para mejorar la calidad del sonido. Puede compensar eficazmente las deficiencias de la calidad de sonido de los altavoces incorporados y brindarle un rendimiento de sonido m\u00e1s rico y completo. Le brinda una experiencia auditiva m\u00e1s placentera cuando est\u00e1 trabajando, estudiando o entreteni\u00e9ndose.<\/p>\n<p>Par\u00e1metros del producto<\/p>\n<p>Tama\u00f1o principal: 160 * 160 * 905 mm<br \/>\nPeso principal: 2,76 kg<br \/>\nPotencia nominal: 15 W (principal) + 30 W (subwoofer)<br \/>\nFrecuencia de Bluetooth: 2402 MHz 2480 MHz<br \/>\nRespuesta de frecuencia: 20 Hz &#8211; 20 kHz<br \/>\nFuente de alimentaci\u00f3n: CC 15 V\/4,5 A<br \/>\n&#8211; Configuraci\u00f3n: frecuencia media-alta + conducto de aire + altavoz de baja frecuencia<br \/>\n&#8211; Chip Bluetooth 5.0: distancia de conexi\u00f3n efectiva de 10 M<\/p>\n","protected":false},"excerpt":{"rendered":"<p>Potente barra de sonido de 70\u202fW con subwoofer externo y sonido envolvente est\u00e9reo. Ofrece conectividad Bluetooth 5.3, HDMI, AUX y radio FM, ideal para cine en casa o actividades al aire libre. Dise\u00f1o compacto, f\u00e1cil de instalar y compatible con m\u00faltiples dispositivos. \u00a1Calidad, versatilidad y estilo en un solo equipo!<\/p>\n","protected":false},"featured_media":1027,"template":"","meta":{"site-sidebar-layout":"default","site-content-layout":"","ast-site-content-layout":"default","site-content-style":"default","site-sidebar-style":"default","ast-global-header-display":"","ast-banner-title-visibility":"","ast-main-header-display":"","ast-hfb-above-header-display":"","ast-hfb-below-header-display":"","ast-hfb-mobile-header-display":"","site-post-title":"","ast-breadcrumbs-content":"","ast-featured-img":"","footer-sml-layout":"","ast-disable-related-posts":"","theme-transparent-header-meta":"","adv-header-id-meta":"","stick-header-meta":"","header-above-stick-meta":"","header-main-stick-meta":"","header-below-stick-meta":"","astra-migrate-meta-layouts":"default","ast-page-background-enabled":"default","ast-page-background-meta":{"desktop":{"background-color":"var(--ast-global-color-5)","background-image":"","background-repeat":"repeat","background-position":"center center","background-size":"auto","background-attachment":"scroll","background-type":"","background-media":"","overlay-type":"","overlay-color":"","overlay-opacity":"","overlay-gradient":""},"tablet":{"background-color":"","background-image":"","background-repeat":"repeat","background-position":"center center","background-size":"auto","background-attachment":"scroll","background-type":"","background-media":"","overlay-type":"","overlay-color":"","overlay-opacity":"","overlay-gradient":""},"mobile":{"background-color":"","background-image":"","background-repeat":"repeat","background-position":"center center","background-size":"auto","background-attachment":"scroll","background-type":"","background-media":"","overlay-type":"","overlay-color":"","overlay-opacity":"","overlay-gradient":""}},"ast-content-background-meta":{"desktop":{"background-color":"var(--ast-global-color-4)","background-image":"","background-repeat":"repeat","background-position":"center center","background-size":"auto","background-attachment":"scroll","background-type":"","background-media":"","overlay-type":"","overlay-color":"","overlay-opacity":"","overlay-gradient":""},"tablet":{"background-color":"var(--ast-global-color-4)","background-image":"","background-repeat":"repeat","background-position":"center center","background-size":"auto","background-attachment":"scroll","background-type":"","background-media":"","overlay-type":"","overlay-color":"","overlay-opacity":"","overlay-gradient":""},"mobile":{"background-color":"var(--ast-global-color-4)","background-image":"","background-repeat":"repeat","background-position":"center center","background-size":"auto","background-attachment":"scroll","background-type":"","background-media":"","overlay-type":"","overlay-color":"","overlay-opacity":"","overlay-gradient":""}}},"product_brand":[],"product_cat":[42],"product_tag":[],"class_list":{"0":"post-1026","1":"product","2":"type-product","3":"status-publish","4":"has-post-thumbnail","6":"product_cat-bocinas","7":"product_shipping_class-ligero-medio","8":"desktop-align-left","9":"tablet-align-left","10":"mobile-align-left","12":"first","13":"outofstock","14":"shipping-taxable","15":"purchasable","16":"product-type-simple"},"_links":{"self":[{"href":"https:\/\/bocimx.com.mx\/inicio\/wp-json\/wp\/v2\/product\/1026","targetHints":{"allow":["GET"]}}],"collection":[{"href":"https:\/\/bocimx.com.mx\/inicio\/wp-json\/wp\/v2\/product"}],"about":[{"href":"https:\/\/bocimx.com.mx\/inicio\/wp-json\/wp\/v2\/types\/product"}],"wp:featuredmedia":[{"embeddable":true,"href":"https:\/\/bocimx.com.mx\/inicio\/wp-json\/wp\/v2\/media\/1027"}],"wp:attachment":[{"href":"https:\/\/bocimx.com.mx\/inicio\/wp-json\/wp\/v2\/media?parent=1026"}],"wp:term":[{"taxonomy":"product_brand","embeddable":true,"href":"https:\/\/bocimx.com.mx\/inicio\/wp-json\/wp\/v2\/product_brand?post=1026"},{"taxonomy":"product_cat","embeddable":true,"href":"https:\/\/bocimx.com.mx\/inicio\/wp-json\/wp\/v2\/product_cat?post=1026"},{"taxonomy":"product_tag","embeddable":true,"href":"https:\/\/bocimx.com.mx\/inicio\/wp-json\/wp\/v2\/product_tag?post=1026"}],"curies":[{"name":"wp","href":"https:\/\/api.w.org\/{rel}","templated":true}]}}