{"id":1162,"date":"2025-08-05T15:17:11","date_gmt":"2025-08-05T21:17:11","guid":{"rendered":"https:\/\/bocimx.com.mx\/inicio\/?post_type=product&#038;p=1162"},"modified":"2025-09-13T10:25:52","modified_gmt":"2025-09-13T16:25:52","slug":"bocina-mc-8233","status":"publish","type":"product","link":"https:\/\/bocimx.com.mx\/inicio\/product\/bocina-mc-8233\/","title":{"rendered":"Bocina MC-8233"},"content":{"rendered":"<p data-start=\"44\" data-end=\"86\">Sonido potente y de alta fidelidad<\/p>\n<p data-start=\"87\" data-end=\"240\"><span class=\"relative -mx-px my-[-0.2rem] rounded px-px py-[0.2rem] transition-colors duration-100 ease-in-out\">Ofrece una salida real de 60\u202fW RMS (hasta 600\u202fW PMPO) mediante dos woofers de 10 pulgadas, entregando graves profundos y agudos bien definidos en un rango aproximado de 80\u202fHz a 18\u202fkHz (o hasta 200\u202fHz\u201115\u202fkHz seg\u00fan versi\u00f3n).<\/span>\u00a0<span class=\"relative -mx-px my-[-0.2rem] rounded px-px py-[0.2rem] transition-colors duration-100 ease-in-out\">Su respuesta sonora es envolvente, ideal para karaoke, fiestas o presentaciones en exteriores.<\/span><\/p>\n<p data-start=\"242\" data-end=\"282\">Iluminaci\u00f3n LED RGB sincronizada<\/p>\n<p data-start=\"283\" data-end=\"359\"><span class=\"relative -mx-px my-[-0.2rem] rounded px-px py-[0.2rem] transition-colors duration-100 ease-in-out\">La bocina integra un espect\u00e1culo visual con luces LED multicolor que se sincronizan con la m\u00fasica, creando ambientes vibrantes para animar cualquier evento.<\/span><\/p>\n<p data-start=\"361\" data-end=\"410\">Conectividad completa y karaoke funcional<\/p>\n<p data-start=\"411\" data-end=\"487\"><span class=\"relative -mx-px my-[-0.2rem] rounded px-px py-[0.2rem] transition-colors duration-100 ease-in-out\">Compatible con Bluetooth v5.1 \/ v5.3, tambi\u00e9n admite entradas USB, tarjeta TF\/SD, AUX, radio FM, modo TWS para sonido est\u00e9reo ampliado, y cuenta con micr\u00f3fono inal\u00e1mbrico dual y control remoto incluidos.<\/span><\/p>\n<p data-start=\"489\" data-end=\"522\">Bater\u00eda de larga duraci\u00f3n<\/p>\n<p data-start=\"523\" data-end=\"601\"><span class=\"relative -mx-px my-[-0.2rem] rounded px-px py-[0.2rem] transition-colors duration-100 ease-in-out\">Incorpora bater\u00eda recargable de 7.4\u202fV \/ 4\u202f500\u202fmAh, con autonom\u00eda de hasta 5\u201110 horas de uso continuo. El tiempo de carga aproximado es de 6 a 7 horas<\/span>.<\/p>\n<p data-start=\"603\" data-end=\"635\">Dise\u00f1o s\u00f3lido y port\u00e1til<\/p>\n<p data-start=\"636\" data-end=\"797\"><span class=\"relative -mx-px my-[-0.2rem] rounded px-px py-[0.2rem] transition-colors duration-100 ease-in-out\">Con dimensiones de \u2248\u202f36.8\u202f\u00d7\u202f35.8\u202f\u00d7\u202f76.5\u202fcm y peso de 9.5 a 10\u202fkg, est\u00e1 dise\u00f1ada con un formato estilo trolley para facilitar su transporte a eventos al aire libre o sociales.<\/span>\u00a0<span class=\"relative -mx-px my-[-0.2rem] rounded px-px py-[0.2rem] transition-colors duration-100 ease-in-out\">Incluye carcasa de pl\u00e1stico PP resistente, pantalla LED y control de ecualizaci\u00f3n y efectos como Echo, Bass, Treble y EQ.<\/span><\/p>\n<hr data-start=\"799\" data-end=\"802\" \/>\n<p data-start=\"804\" data-end=\"826\">\n","protected":false},"excerpt":{"rendered":"<p>Potente bocina port\u00e1til que combina un audio profesional, ambientaci\u00f3n sonora y visual, karaoke integrado y gran autonom\u00eda, todo en un equipo f\u00e1cil de transportar y usar en cualquier ocasi\u00f3n.<\/p>\n","protected":false},"featured_media":1163,"template":"","meta":{"site-sidebar-layout":"default","site-content-layout":"","ast-site-content-layout":"default","site-content-style":"default","site-sidebar-style":"default","ast-global-header-display":"","ast-banner-title-visibility":"","ast-main-header-display":"","ast-hfb-above-header-display":"","ast-hfb-below-header-display":"","ast-hfb-mobile-header-display":"","site-post-title":"","ast-breadcrumbs-content":"","ast-featured-img":"","footer-sml-layout":"","ast-disable-related-posts":"","theme-transparent-header-meta":"","adv-header-id-meta":"","stick-header-meta":"","header-above-stick-meta":"","header-main-stick-meta":"","header-below-stick-meta":"","astra-migrate-meta-layouts":"default","ast-page-background-enabled":"default","ast-page-background-meta":{"desktop":{"background-color":"var(--ast-global-color-5)","background-image":"","background-repeat":"repeat","background-position":"center center","background-size":"auto","background-attachment":"scroll","background-type":"","background-media":"","overlay-type":"","overlay-color":"","overlay-opacity":"","overlay-gradient":""},"tablet":{"background-color":"","background-image":"","background-repeat":"repeat","background-position":"center center","background-size":"auto","background-attachment":"scroll","background-type":"","background-media":"","overlay-type":"","overlay-color":"","overlay-opacity":"","overlay-gradient":""},"mobile":{"background-color":"","background-image":"","background-repeat":"repeat","background-position":"center center","background-size":"auto","background-attachment":"scroll","background-type":"","background-media":"","overlay-type":"","overlay-color":"","overlay-opacity":"","overlay-gradient":""}},"ast-content-background-meta":{"desktop":{"background-color":"var(--ast-global-color-4)","background-image":"","background-repeat":"repeat","background-position":"center center","background-size":"auto","background-attachment":"scroll","background-type":"","background-media":"","overlay-type":"","overlay-color":"","overlay-opacity":"","overlay-gradient":""},"tablet":{"background-color":"var(--ast-global-color-4)","background-image":"","background-repeat":"repeat","background-position":"center center","background-size":"auto","background-attachment":"scroll","background-type":"","background-media":"","overlay-type":"","overlay-color":"","overlay-opacity":"","overlay-gradient":""},"mobile":{"background-color":"var(--ast-global-color-4)","background-image":"","background-repeat":"repeat","background-position":"center center","background-size":"auto","background-attachment":"scroll","background-type":"","background-media":"","overlay-type":"","overlay-color":"","overlay-opacity":"","overlay-gradient":""}}},"product_brand":[],"product_cat":[42],"product_tag":[],"class_list":{"0":"post-1162","1":"product","2":"type-product","3":"status-publish","4":"has-post-thumbnail","6":"product_cat-bocinas","7":"product_shipping_class-medio","8":"desktop-align-left","9":"tablet-align-left","10":"mobile-align-left","12":"first","13":"instock","14":"shipping-taxable","15":"purchasable","16":"product-type-simple"},"_links":{"self":[{"href":"https:\/\/bocimx.com.mx\/inicio\/wp-json\/wp\/v2\/product\/1162","targetHints":{"allow":["GET"]}}],"collection":[{"href":"https:\/\/bocimx.com.mx\/inicio\/wp-json\/wp\/v2\/product"}],"about":[{"href":"https:\/\/bocimx.com.mx\/inicio\/wp-json\/wp\/v2\/types\/product"}],"wp:featuredmedia":[{"embeddable":true,"href":"https:\/\/bocimx.com.mx\/inicio\/wp-json\/wp\/v2\/media\/1163"}],"wp:attachment":[{"href":"https:\/\/bocimx.com.mx\/inicio\/wp-json\/wp\/v2\/media?parent=1162"}],"wp:term":[{"taxonomy":"product_brand","embeddable":true,"href":"https:\/\/bocimx.com.mx\/inicio\/wp-json\/wp\/v2\/product_brand?post=1162"},{"taxonomy":"product_cat","embeddable":true,"href":"https:\/\/bocimx.com.mx\/inicio\/wp-json\/wp\/v2\/product_cat?post=1162"},{"taxonomy":"product_tag","embeddable":true,"href":"https:\/\/bocimx.com.mx\/inicio\/wp-json\/wp\/v2\/product_tag?post=1162"}],"curies":[{"name":"wp","href":"https:\/\/api.w.org\/{rel}","templated":true}]}}