{"id":525,"date":"2021-12-23T22:39:55","date_gmt":"2021-12-23T22:39:55","guid":{"rendered":"https:\/\/startersites.io\/blocksy\/garderobe\/?post_type=product&#038;p=525"},"modified":"2025-12-09T17:00:50","modified_gmt":"2025-12-09T23:00:50","slug":"bicicleta-mc-a1","status":"publish","type":"product","link":"https:\/\/bocimx.com.mx\/inicio\/product\/bicicleta-mc-a1\/","title":{"rendered":"Bicicleta MC-A1"},"content":{"rendered":"<p>MUKSIKO MC-A1 bicicleta el\u00e9ctrica:<br \/>\nLa e-bike modelo MC-A1 est\u00e1 dise\u00f1ada con una robusta estructura de \u00abaleaci\u00f3n de aluminio 6061\u00bb y puede soportar un peso igual o inferior a 120 kg. Con un peso aproximado de 22 kg, es una e-bike superligera y plegable, f\u00e1cil de transportar.<br \/>\nEl manillar de esta econ\u00f3mica e-bike de MUKSIKO es fijo y dispone de una pantalla digital LED para comprobar el nivel de potencia. La parte delantera de la bici el\u00e9ctrica est\u00e1 equipada con una luz LED que ilumina la ruta por la noche, proporcionando una garant\u00eda de seguridad.<br \/>\nLa bicicleta el\u00e9ctrica est\u00e1 equipada con neum\u00e1ticos de vac\u00edo de 14 pulgadas para una conducci\u00f3n suave y segura.<\/p>\n<p>Especificaciones:<\/p>\n<p>Modelo de producto: MC \u2013 A1 (plegable)<br \/>\nTama\u00f1o de expansi\u00f3n: 1280 * 520 * 930 mm<br \/>\nTama\u00f1o plegable: 740 * 480 * 600mm<br \/>\nTama\u00f1o de la Caja de embalaje: 1320 x 220 x 660 mm de largo<br \/>\nMaterial del marco: 6061 aleaci\u00f3n de aluminio<br \/>\nVelocidad m\u00e1xima de dise\u00f1o: 32km \/ h<br \/>\nCarga m\u00e1xima: 120 kg<br \/>\nPar\u00e1metros del motor: motor sin cepillo de rueda de aluminio 36v 350 W<br \/>\nBater\u00eda: bater\u00eda de 36v 7. Carcasa de bater\u00eda de aleaci\u00f3n de aluminio 8ah<br \/>\nTama\u00f1o de la rueda: neum\u00e1ticos de vac\u00edo de 14 pulgadas<br \/>\nMedidor: pantalla digital LED<br \/>\nSistema de iluminaci\u00f3n: luces LED delanteras<br \/>\nSistema de frenado: frenos de disco delantero y trasero<br \/>\nHorquilla delantera: HORQUILLA DELANTERA sin choque<br \/>\nPeso bruto: 22 kg<\/p>\n","protected":false},"excerpt":{"rendered":"<p>Bicicleta el\u00e9ctrica: Est\u00e1 dise\u00f1ada con una robusta estructura de \u00abaleaci\u00f3n de aluminio 6061\u00bb y puede soportar un peso igual o inferior a 120 kg. Con un peso aproximado de 22 kg, es una e-bike superligera y plegable, f\u00e1cil de transportar. El manillar de esta econ\u00f3mica e-bike es fijo y dispone de una pantalla digital LED para comprobar el nivel de potencia. La parte delantera de la bici el\u00e9ctrica est\u00e1 equipada con una luz LED que ilumina la ruta por la noche, proporcionando una garant\u00eda de seguridad. La bicicleta el\u00e9ctrica est\u00e1 equipada con neum\u00e1ticos de vac\u00edo de 14 pulgadas para una conducci\u00f3n suave y segura.<\/p>\n","protected":false},"featured_media":800,"template":"","meta":{"site-sidebar-layout":"default","site-content-layout":"","ast-site-content-layout":"default","site-content-style":"default","site-sidebar-style":"default","ast-global-header-display":"","ast-banner-title-visibility":"","ast-main-header-display":"","ast-hfb-above-header-display":"","ast-hfb-below-header-display":"","ast-hfb-mobile-header-display":"","site-post-title":"","ast-breadcrumbs-content":"","ast-featured-img":"","footer-sml-layout":"","ast-disable-related-posts":"","theme-transparent-header-meta":"","adv-header-id-meta":"","stick-header-meta":"","header-above-stick-meta":"","header-main-stick-meta":"","header-below-stick-meta":"","astra-migrate-meta-layouts":"default","ast-page-background-enabled":"default","ast-page-background-meta":{"desktop":{"background-color":"var(--ast-global-color-5)","background-image":"","background-repeat":"repeat","background-position":"center center","background-size":"auto","background-attachment":"scroll","background-type":"","background-media":"","overlay-type":"","overlay-color":"","overlay-opacity":"","overlay-gradient":""},"tablet":{"background-color":"","background-image":"","background-repeat":"repeat","background-position":"center center","background-size":"auto","background-attachment":"scroll","background-type":"","background-media":"","overlay-type":"","overlay-color":"","overlay-opacity":"","overlay-gradient":""},"mobile":{"background-color":"","background-image":"","background-repeat":"repeat","background-position":"center center","background-size":"auto","background-attachment":"scroll","background-type":"","background-media":"","overlay-type":"","overlay-color":"","overlay-opacity":"","overlay-gradient":""}},"ast-content-background-meta":{"desktop":{"background-color":"var(--ast-global-color-4)","background-image":"","background-repeat":"repeat","background-position":"center center","background-size":"auto","background-attachment":"scroll","background-type":"","background-media":"","overlay-type":"","overlay-color":"","overlay-opacity":"","overlay-gradient":""},"tablet":{"background-color":"var(--ast-global-color-4)","background-image":"","background-repeat":"repeat","background-position":"center center","background-size":"auto","background-attachment":"scroll","background-type":"","background-media":"","overlay-type":"","overlay-color":"","overlay-opacity":"","overlay-gradient":""},"mobile":{"background-color":"var(--ast-global-color-4)","background-image":"","background-repeat":"repeat","background-position":"center center","background-size":"auto","background-attachment":"scroll","background-type":"","background-media":"","overlay-type":"","overlay-color":"","overlay-opacity":"","overlay-gradient":""}}},"product_brand":[],"product_cat":[44],"product_tag":[],"class_list":{"0":"post-525","1":"product","2":"type-product","3":"status-publish","4":"has-post-thumbnail","6":"product_cat-bicicletas","7":"desktop-align-left","8":"tablet-align-left","9":"mobile-align-left","11":"first","12":"outofstock","13":"sale","14":"shipping-taxable","15":"purchasable","16":"product-type-simple"},"_links":{"self":[{"href":"https:\/\/bocimx.com.mx\/inicio\/wp-json\/wp\/v2\/product\/525","targetHints":{"allow":["GET"]}}],"collection":[{"href":"https:\/\/bocimx.com.mx\/inicio\/wp-json\/wp\/v2\/product"}],"about":[{"href":"https:\/\/bocimx.com.mx\/inicio\/wp-json\/wp\/v2\/types\/product"}],"wp:featuredmedia":[{"embeddable":true,"href":"https:\/\/bocimx.com.mx\/inicio\/wp-json\/wp\/v2\/media\/800"}],"wp:attachment":[{"href":"https:\/\/bocimx.com.mx\/inicio\/wp-json\/wp\/v2\/media?parent=525"}],"wp:term":[{"taxonomy":"product_brand","embeddable":true,"href":"https:\/\/bocimx.com.mx\/inicio\/wp-json\/wp\/v2\/product_brand?post=525"},{"taxonomy":"product_cat","embeddable":true,"href":"https:\/\/bocimx.com.mx\/inicio\/wp-json\/wp\/v2\/product_cat?post=525"},{"taxonomy":"product_tag","embeddable":true,"href":"https:\/\/bocimx.com.mx\/inicio\/wp-json\/wp\/v2\/product_tag?post=525"}],"curies":[{"name":"wp","href":"https:\/\/api.w.org\/{rel}","templated":true}]}}