{"id":527,"date":"2021-12-23T22:41:39","date_gmt":"2021-12-23T22:41:39","guid":{"rendered":"https:\/\/startersites.io\/blocksy\/garderobe\/?post_type=product&#038;p=527"},"modified":"2026-01-14T16:24:25","modified_gmt":"2026-01-14T22:24:25","slug":"bocina-mc-8237","status":"publish","type":"product","link":"https:\/\/bocimx.com.mx\/inicio\/product\/bocina-mc-8237\/","title":{"rendered":"Bocina MC-8237"},"content":{"rendered":"<p>Efectos de sonido potentes<br \/>\nBocinas dobles grandes de 8 pulgadas, con una potencia impresionante de 50 W, sonido envolvente est\u00e9reo de 360\u00b0, volumen incre\u00edble, cobertura de sonido amplia y un audio m\u00e1s tridimensional y penetrante.<\/p>\n<p>Anillo de luces LED, moderno y atractivo<br \/>\nEfectos de ritmo geniales y shows de luces sincronizados con la m\u00fasica, m\u00faltiples modos de iluminaci\u00f3n para cambiar libremente, pantalla digital, elegante y bonita, te transportar\u00e1n al instante al mundo del entretenimiento y a la atm\u00f3sfera de un concierto.<\/p>\n<p>Sistema de control de sonido EQ potente<br \/>\nControl inteligente de efectos de sonido EQ integrado, con cinco modos de sonido: pop\/rock\/jazz\/cl\u00e1sico\/country. Puedes cambiar a tu efecto de sonido preferido con solo presionar el bot\u00f3n EQ.<\/p>\n<p>Funciones poderosas<br \/>\nBluetooth 5.1, emparejamiento instant\u00e1neo y alcance de transmisi\u00f3n largo. Incluye una entrada para micr\u00f3fono inal\u00e1mbrico y guitarra, convirtiendo cualquier reuni\u00f3n en una fiesta de karaoke. Con ajustes de afinaci\u00f3n integrados, tu sonido sorprender\u00e1 a todos. Si quieres ser el DJ de la fiesta, este equipo tiene un controlador de DJ incorporado para que puedas mezclar y crear tus propias pistas. Adem\u00e1s, puedes conectar dos bocinas en serie para experimentar un sonido est\u00e9reo real, con mayor volumen y cobertura.<\/p>\n<p>Ideal para varios escenarios<br \/>\nLa rejilla met\u00e1lica protege las bocinas. Con asas integradas y ruedas para facilitar su transporte, es perfecto para reuniones familiares, bailes al aire libre, viajes a la playa, campamentos y m\u00e1s.<\/p>\n<p>M\u00faltiples modos de compatibilidad<br \/>\nEsta bocina Bluetooth port\u00e1til es compatible con casi cualquier dispositivo. Puedes reproducir m\u00fasica a trav\u00e9s de Bluetooth, tarjeta USB TF o cable auxiliar AUX. Adem\u00e1s, incluye radio FM y funciones de audio, permiti\u00e9ndote cambiar libremente entre diferentes modos de reproducci\u00f3n. El alcance efectivo sin obst\u00e1culos es de aproximadamente 10 metros, lo que te permite disfrutar de la m\u00fasica tanto en interiores como en exteriores, ofreciendo opciones vers\u00e1tiles y convenientes para reproducir m\u00fasica en cualquier momento y lugar.<\/p>\n<p>Bater\u00eda de larga duraci\u00f3n<br \/>\nBater\u00eda recargable integrada de 4200 mAh, con una duraci\u00f3n de hasta 4 horas de reproducci\u00f3n (al 100% de volumen) en graves intensos, para que disfrutes de la m\u00fasica sin interrupciones.<\/p>\n<p>&#8212;&#8211;Especificaciones del producto:&#8212;&#8211;<br \/>\nBocinas: 8 pulgadas x2<br \/>\nVersi\u00f3n de Bluetooth: 5.1<br \/>\nFunciones compatibles: BT\/USB\/TF\/AUX\/FM\/TWS\/MIC<br \/>\nAlcance de Bluetooth: aproximadamente 10 metros<br \/>\nNombre de Bluetooth: MC-8237<br \/>\nVoltaje nominal: 9 V CC<br \/>\nPotencia nominal: 25W x 2<br \/>\nTiempo de carga: 5-6 horas<br \/>\nCapacidad de la bater\u00eda: 4200 mAh<br \/>\nDimensiones del producto: 280 x 280 x 811 mm<br \/>\nPeso del producto: 5.8 kg<\/p>\n<p>\u2022 La duraci\u00f3n de la bater\u00eda depende del uso que se le de al producto.<\/p>\n","protected":false},"excerpt":{"rendered":"<p class=\"ui-pdp-title\">Bocina bluetooth grande 81 Cm Gran bocina con micr\u00f3fono inal\u00e1mbrico y control remoto subwoofer audio para fiesta bafle amplificado profesional recargable RGB para toda ocasi\u00f3n. USB\/AUX\/TF\/MIC\/TWS\/FM<\/p>\n","protected":false},"featured_media":768,"template":"","meta":{"site-sidebar-layout":"default","site-content-layout":"","ast-site-content-layout":"default","site-content-style":"default","site-sidebar-style":"default","ast-global-header-display":"","ast-banner-title-visibility":"","ast-main-header-display":"","ast-hfb-above-header-display":"","ast-hfb-below-header-display":"","ast-hfb-mobile-header-display":"","site-post-title":"","ast-breadcrumbs-content":"","ast-featured-img":"","footer-sml-layout":"","ast-disable-related-posts":"","theme-transparent-header-meta":"","adv-header-id-meta":"","stick-header-meta":"","header-above-stick-meta":"","header-main-stick-meta":"","header-below-stick-meta":"","astra-migrate-meta-layouts":"default","ast-page-background-enabled":"default","ast-page-background-meta":{"desktop":{"background-color":"var(--ast-global-color-5)","background-image":"","background-repeat":"repeat","background-position":"center center","background-size":"auto","background-attachment":"scroll","background-type":"","background-media":"","overlay-type":"","overlay-color":"","overlay-opacity":"","overlay-gradient":""},"tablet":{"background-color":"","background-image":"","background-repeat":"repeat","background-position":"center center","background-size":"auto","background-attachment":"scroll","background-type":"","background-media":"","overlay-type":"","overlay-color":"","overlay-opacity":"","overlay-gradient":""},"mobile":{"background-color":"","background-image":"","background-repeat":"repeat","background-position":"center center","background-size":"auto","background-attachment":"scroll","background-type":"","background-media":"","overlay-type":"","overlay-color":"","overlay-opacity":"","overlay-gradient":""}},"ast-content-background-meta":{"desktop":{"background-color":"var(--ast-global-color-4)","background-image":"","background-repeat":"repeat","background-position":"center center","background-size":"auto","background-attachment":"scroll","background-type":"","background-media":"","overlay-type":"","overlay-color":"","overlay-opacity":"","overlay-gradient":""},"tablet":{"background-color":"var(--ast-global-color-4)","background-image":"","background-repeat":"repeat","background-position":"center center","background-size":"auto","background-attachment":"scroll","background-type":"","background-media":"","overlay-type":"","overlay-color":"","overlay-opacity":"","overlay-gradient":""},"mobile":{"background-color":"var(--ast-global-color-4)","background-image":"","background-repeat":"repeat","background-position":"center center","background-size":"auto","background-attachment":"scroll","background-type":"","background-media":"","overlay-type":"","overlay-color":"","overlay-opacity":"","overlay-gradient":""}}},"product_brand":[],"product_cat":[42],"product_tag":[],"class_list":{"0":"post-527","1":"product","2":"type-product","3":"status-publish","4":"has-post-thumbnail","6":"product_cat-bocinas","7":"product_shipping_class-medio","8":"desktop-align-left","9":"tablet-align-left","10":"mobile-align-left","12":"first","13":"outofstock","14":"shipping-taxable","15":"purchasable","16":"product-type-simple"},"_links":{"self":[{"href":"https:\/\/bocimx.com.mx\/inicio\/wp-json\/wp\/v2\/product\/527","targetHints":{"allow":["GET"]}}],"collection":[{"href":"https:\/\/bocimx.com.mx\/inicio\/wp-json\/wp\/v2\/product"}],"about":[{"href":"https:\/\/bocimx.com.mx\/inicio\/wp-json\/wp\/v2\/types\/product"}],"wp:featuredmedia":[{"embeddable":true,"href":"https:\/\/bocimx.com.mx\/inicio\/wp-json\/wp\/v2\/media\/768"}],"wp:attachment":[{"href":"https:\/\/bocimx.com.mx\/inicio\/wp-json\/wp\/v2\/media?parent=527"}],"wp:term":[{"taxonomy":"product_brand","embeddable":true,"href":"https:\/\/bocimx.com.mx\/inicio\/wp-json\/wp\/v2\/product_brand?post=527"},{"taxonomy":"product_cat","embeddable":true,"href":"https:\/\/bocimx.com.mx\/inicio\/wp-json\/wp\/v2\/product_cat?post=527"},{"taxonomy":"product_tag","embeddable":true,"href":"https:\/\/bocimx.com.mx\/inicio\/wp-json\/wp\/v2\/product_tag?post=527"}],"curies":[{"name":"wp","href":"https:\/\/api.w.org\/{rel}","templated":true}]}}