{"id":870,"date":"2025-07-10T16:44:30","date_gmt":"2025-07-10T22:44:30","guid":{"rendered":"https:\/\/bocimx.com.mx\/inicio\/?post_type=product&#038;p=870"},"modified":"2026-01-14T16:23:38","modified_gmt":"2026-01-14T22:23:38","slug":"bocina-mc-xsh5049","status":"publish","type":"product","link":"https:\/\/bocimx.com.mx\/inicio\/product\/bocina-mc-xsh5049\/","title":{"rendered":"Bocina MC-XSH5049"},"content":{"rendered":"<p>\u00a1Lleva el cine a tu casa con la barra de sonido TV!<br \/>\nDale un boost al audio de tu tele y disfruta una experiencia como de cine con un toque ch\u00e9vere para tu sala.<\/p>\n<p>Sonido envolvente 360\u00b0 que te enchina la piel<br \/>\nCon sus 2 Altavoces de 15W, esta barra de sonido te pone en el centro de la acci\u00f3n. Desde susurros hasta explosiones que retumban, todo se escucha supern\u00edtido. \u00a1Parecer\u00e1 que est\u00e1s en el estreno!<\/p>\n<p>F\u00e1cil de conectar y compatible con todo<br \/>\nH\u00e1zlo en corto con la instalaci\u00f3n sencilla y m\u00faltiples conexiones:<\/p>\n<p>Bluetooth 5.0 (alcance de hasta 10 metros)<\/p>\n<p>HDMI (ARC), coaxial, auxiliar (3.5 mm), USB, fibra \u00f3ptica<\/p>\n<p>\u00a1Incluye micr\u00f3fonos inal\u00e1mbricos para echarte un karaoke!<\/p>\n<p>Modo fiesta: luces y karaoke<br \/>\nPon luces coloridas al ritmo de la m\u00fasica o canta como estrella con los micr\u00f3fonos sin lag. \u00a1Siente el ambiente de antro en tu hogar!<\/p>\n<p>Dise\u00f1o fino que se ve caro<br \/>\nHecha a mano en madera natural, su sonido es limpio (graves potentes, agudos clarisimos). \u00a1Parece de cat\u00e1logo pero a precio accesible!<\/p>\n<p>Especificaciones t\u00e9cnicas<\/p>\n<p>Potencia: 15W x 2 (\u00a1s\u00faper paro!)<\/p>\n<p>Medidas: 92 cm de largo (no ocupa espacio)<\/p>\n<p>Peso: 2.4 kg (f\u00e1cil de mover)<\/p>\n<p>Incluye: control remoto, cable auxiliar, manual y 2 micr\u00f3fonos<\/p>\n","protected":false},"excerpt":{"rendered":"<p class=\"ui-pdp-title\">Bocina Home Theater Subwoofer Karaoke Microfono Inalambrico Negro<\/p>\n","protected":false},"featured_media":872,"template":"","meta":{"site-sidebar-layout":"default","site-content-layout":"","ast-site-content-layout":"default","site-content-style":"default","site-sidebar-style":"default","ast-global-header-display":"","ast-banner-title-visibility":"","ast-main-header-display":"","ast-hfb-above-header-display":"","ast-hfb-below-header-display":"","ast-hfb-mobile-header-display":"","site-post-title":"","ast-breadcrumbs-content":"","ast-featured-img":"","footer-sml-layout":"","ast-disable-related-posts":"","theme-transparent-header-meta":"","adv-header-id-meta":"","stick-header-meta":"","header-above-stick-meta":"","header-main-stick-meta":"","header-below-stick-meta":"","astra-migrate-meta-layouts":"default","ast-page-background-enabled":"default","ast-page-background-meta":{"desktop":{"background-color":"var(--ast-global-color-5)","background-image":"","background-repeat":"repeat","background-position":"center center","background-size":"auto","background-attachment":"scroll","background-type":"","background-media":"","overlay-type":"","overlay-color":"","overlay-opacity":"","overlay-gradient":""},"tablet":{"background-color":"","background-image":"","background-repeat":"repeat","background-position":"center center","background-size":"auto","background-attachment":"scroll","background-type":"","background-media":"","overlay-type":"","overlay-color":"","overlay-opacity":"","overlay-gradient":""},"mobile":{"background-color":"","background-image":"","background-repeat":"repeat","background-position":"center center","background-size":"auto","background-attachment":"scroll","background-type":"","background-media":"","overlay-type":"","overlay-color":"","overlay-opacity":"","overlay-gradient":""}},"ast-content-background-meta":{"desktop":{"background-color":"var(--ast-global-color-4)","background-image":"","background-repeat":"repeat","background-position":"center center","background-size":"auto","background-attachment":"scroll","background-type":"","background-media":"","overlay-type":"","overlay-color":"","overlay-opacity":"","overlay-gradient":""},"tablet":{"background-color":"var(--ast-global-color-4)","background-image":"","background-repeat":"repeat","background-position":"center center","background-size":"auto","background-attachment":"scroll","background-type":"","background-media":"","overlay-type":"","overlay-color":"","overlay-opacity":"","overlay-gradient":""},"mobile":{"background-color":"var(--ast-global-color-4)","background-image":"","background-repeat":"repeat","background-position":"center center","background-size":"auto","background-attachment":"scroll","background-type":"","background-media":"","overlay-type":"","overlay-color":"","overlay-opacity":"","overlay-gradient":""}}},"product_brand":[],"product_cat":[42],"product_tag":[],"class_list":{"0":"post-870","1":"product","2":"type-product","3":"status-publish","4":"has-post-thumbnail","6":"product_cat-bocinas","7":"product_shipping_class-ligero-medio","8":"desktop-align-left","9":"tablet-align-left","10":"mobile-align-left","12":"first","13":"outofstock","14":"shipping-taxable","15":"purchasable","16":"product-type-simple"},"_links":{"self":[{"href":"https:\/\/bocimx.com.mx\/inicio\/wp-json\/wp\/v2\/product\/870","targetHints":{"allow":["GET"]}}],"collection":[{"href":"https:\/\/bocimx.com.mx\/inicio\/wp-json\/wp\/v2\/product"}],"about":[{"href":"https:\/\/bocimx.com.mx\/inicio\/wp-json\/wp\/v2\/types\/product"}],"wp:featuredmedia":[{"embeddable":true,"href":"https:\/\/bocimx.com.mx\/inicio\/wp-json\/wp\/v2\/media\/872"}],"wp:attachment":[{"href":"https:\/\/bocimx.com.mx\/inicio\/wp-json\/wp\/v2\/media?parent=870"}],"wp:term":[{"taxonomy":"product_brand","embeddable":true,"href":"https:\/\/bocimx.com.mx\/inicio\/wp-json\/wp\/v2\/product_brand?post=870"},{"taxonomy":"product_cat","embeddable":true,"href":"https:\/\/bocimx.com.mx\/inicio\/wp-json\/wp\/v2\/product_cat?post=870"},{"taxonomy":"product_tag","embeddable":true,"href":"https:\/\/bocimx.com.mx\/inicio\/wp-json\/wp\/v2\/product_tag?post=870"}],"curies":[{"name":"wp","href":"https:\/\/api.w.org\/{rel}","templated":true}]}}