{"id":917,"date":"2025-07-11T12:59:52","date_gmt":"2025-07-11T18:59:52","guid":{"rendered":"https:\/\/bocimx.com.mx\/inicio\/?post_type=product&#038;p=917"},"modified":"2025-12-29T16:38:52","modified_gmt":"2025-12-29T22:38:52","slug":"almohada-jdr-h","status":"publish","type":"product","link":"https:\/\/bocimx.com.mx\/inicio\/product\/almohada-jdr-h\/","title":{"rendered":"Almohada JDR-H"},"content":{"rendered":"<ul class=\"a-unordered-list a-vertical a-spacing-mini\">\n<li class=\"a-spacing-mini\"><span class=\"a-list-item\">Almohada de cuerpo completo: esta almohada corporal en forma de G de dise\u00f1o ergon\u00f3mico para el embarazo fue creada para evitar la necesidad de m\u00faltiples almohadas mientras est\u00e1 embarazada. Se adapta a ambos lados de todo tu cuerpo para apoyar perfectamente la cabeza, el vientre, la espalda, las caderas, las rodillas y los pies.<\/span><\/li>\n<li class=\"a-spacing-mini\"><span class=\"a-list-item\">Suave como una nube: rellena con una fibra hueca de poli\u00e9ster \u00fanica, esta almohada de embarazo da la sensaci\u00f3n de descansar en una nube. El relleno s\u00faper suave proporciona m\u00e1s resistencia y mantiene su esponjosidad mejor que la mayor\u00eda para una comodidad duradera.<\/span><\/li>\n<li class=\"a-spacing-mini\"><span class=\"a-list-item\">Funda de tela suave para acariciar: la funda de almohada extra\u00edble est\u00e1 hecha de telas de alta calidad que te dan una sensaci\u00f3n de lujo mientras te abrazan a dormir. Como regalo especial, elegir\u00e1s una segunda funda de algod\u00f3n para determinar tu preferencia para la mayor comodidad y el mejor sue\u00f1o mientras lavas la primera funda.<\/span><\/li>\n<li class=\"a-spacing-mini\"><span class=\"a-list-item\">Comodidad ajustable: la almohada es un regalo perfecto para el embarazo para las futuras madres. La funda de la almohada cuenta con cremalleras dobles para permitir una extracci\u00f3n r\u00e1pida y f\u00e1cil o para ajustar la cantidad de relleno para una noche de sue\u00f1o m\u00e1s acogedora a medida que avanza el embarazo.<\/span><\/li>\n<li class=\"a-spacing-mini\"><span class=\"a-list-item\">No solo para el embarazo: cualquier persona puede utilizar esta almohada lateral para dolor de cuello y hombros, dolor de espalda y otros dolores corporales durante las estancias en el hospital o mientras se recupera de la cirug\u00eda en casa. La almohada viene empaquetada al aspiradora en una caja peque\u00f1a, simplemente abre el paquete y deja que la almohada alcance el tama\u00f1o m\u00e1ximo ya que absorbe el aire.<\/span><\/li>\n<\/ul>\n","protected":false},"excerpt":{"rendered":"<p class=\"p1\">Almohada de embarazo de terciopelo , con forro de fibra de poli\u00e9ster, relleno de fibra de poli\u00e9ster (algod\u00f3n PP). Suave al tacto y de gran ayuda durante el embarazo.<\/p>\n","protected":false},"featured_media":918,"template":"","meta":{"site-sidebar-layout":"default","site-content-layout":"","ast-site-content-layout":"default","site-content-style":"default","site-sidebar-style":"default","ast-global-header-display":"","ast-banner-title-visibility":"","ast-main-header-display":"","ast-hfb-above-header-display":"","ast-hfb-below-header-display":"","ast-hfb-mobile-header-display":"","site-post-title":"","ast-breadcrumbs-content":"","ast-featured-img":"","footer-sml-layout":"","ast-disable-related-posts":"","theme-transparent-header-meta":"","adv-header-id-meta":"","stick-header-meta":"","header-above-stick-meta":"","header-main-stick-meta":"","header-below-stick-meta":"","astra-migrate-meta-layouts":"default","ast-page-background-enabled":"default","ast-page-background-meta":{"desktop":{"background-color":"var(--ast-global-color-5)","background-image":"","background-repeat":"repeat","background-position":"center center","background-size":"auto","background-attachment":"scroll","background-type":"","background-media":"","overlay-type":"","overlay-color":"","overlay-opacity":"","overlay-gradient":""},"tablet":{"background-color":"","background-image":"","background-repeat":"repeat","background-position":"center center","background-size":"auto","background-attachment":"scroll","background-type":"","background-media":"","overlay-type":"","overlay-color":"","overlay-opacity":"","overlay-gradient":""},"mobile":{"background-color":"","background-image":"","background-repeat":"repeat","background-position":"center center","background-size":"auto","background-attachment":"scroll","background-type":"","background-media":"","overlay-type":"","overlay-color":"","overlay-opacity":"","overlay-gradient":""}},"ast-content-background-meta":{"desktop":{"background-color":"var(--ast-global-color-4)","background-image":"","background-repeat":"repeat","background-position":"center center","background-size":"auto","background-attachment":"scroll","background-type":"","background-media":"","overlay-type":"","overlay-color":"","overlay-opacity":"","overlay-gradient":""},"tablet":{"background-color":"var(--ast-global-color-4)","background-image":"","background-repeat":"repeat","background-position":"center center","background-size":"auto","background-attachment":"scroll","background-type":"","background-media":"","overlay-type":"","overlay-color":"","overlay-opacity":"","overlay-gradient":""},"mobile":{"background-color":"var(--ast-global-color-4)","background-image":"","background-repeat":"repeat","background-position":"center center","background-size":"auto","background-attachment":"scroll","background-type":"","background-media":"","overlay-type":"","overlay-color":"","overlay-opacity":"","overlay-gradient":""}}},"product_brand":[],"product_cat":[43],"product_tag":[],"class_list":{"0":"post-917","1":"product","2":"type-product","3":"status-publish","4":"has-post-thumbnail","6":"product_cat-almohadas","7":"product_shipping_class-ligero-medio","8":"desktop-align-left","9":"tablet-align-left","10":"mobile-align-left","12":"first","13":"outofstock","14":"shipping-taxable","15":"purchasable","16":"product-type-simple"},"_links":{"self":[{"href":"https:\/\/bocimx.com.mx\/inicio\/wp-json\/wp\/v2\/product\/917","targetHints":{"allow":["GET"]}}],"collection":[{"href":"https:\/\/bocimx.com.mx\/inicio\/wp-json\/wp\/v2\/product"}],"about":[{"href":"https:\/\/bocimx.com.mx\/inicio\/wp-json\/wp\/v2\/types\/product"}],"wp:featuredmedia":[{"embeddable":true,"href":"https:\/\/bocimx.com.mx\/inicio\/wp-json\/wp\/v2\/media\/918"}],"wp:attachment":[{"href":"https:\/\/bocimx.com.mx\/inicio\/wp-json\/wp\/v2\/media?parent=917"}],"wp:term":[{"taxonomy":"product_brand","embeddable":true,"href":"https:\/\/bocimx.com.mx\/inicio\/wp-json\/wp\/v2\/product_brand?post=917"},{"taxonomy":"product_cat","embeddable":true,"href":"https:\/\/bocimx.com.mx\/inicio\/wp-json\/wp\/v2\/product_cat?post=917"},{"taxonomy":"product_tag","embeddable":true,"href":"https:\/\/bocimx.com.mx\/inicio\/wp-json\/wp\/v2\/product_tag?post=917"}],"curies":[{"name":"wp","href":"https:\/\/api.w.org\/{rel}","templated":true}]}}