{"id":922,"date":"2025-07-11T13:16:45","date_gmt":"2025-07-11T19:16:45","guid":{"rendered":"https:\/\/bocimx.com.mx\/inicio\/?post_type=product&#038;p=922"},"modified":"2025-09-22T12:30:34","modified_gmt":"2025-09-22T18:30:34","slug":"almohada-jdr-hl","status":"publish","type":"product","link":"https:\/\/bocimx.com.mx\/inicio\/product\/almohada-jdr-hl\/","title":{"rendered":"Almohada JDR-HL"},"content":{"rendered":"<ul class=\"a-unordered-list a-vertical a-spacing-mini\">\n<li class=\"a-spacing-mini\"><span class=\"a-list-item\">Dise\u00f1o ergon\u00f3mico para adultos: la almohada de cuerpo completo est\u00e1 dise\u00f1ada pensando en la ergonom\u00eda, ofreciendo un apoyo \u00f3ptimo para tu cabeza, espalda, vientre, lados, rodillas, caderas y pies. Su forma \u00fanica reemplaza la necesidad de m\u00faltiples almohadas de cama.<\/span><\/li>\n<li class=\"a-spacing-mini\"><span class=\"a-list-item\">Logra un sue\u00f1o profundo con la almohada de maternidad: la almohada corporal para el embarazo mejora la circulaci\u00f3n sangu\u00ednea durante toda la noche y alivia la presi\u00f3n corporal, aliviando el dolor de espalda, las molestias en la cadera y la hinchaz\u00f3n de las piernas. Promueve una comodidad excepcional, alivio del dolor y descanso de calidad para las mujeres embarazadas.<\/span><\/li>\n<li class=\"a-spacing-mini\"><span class=\"a-list-item\">Experimenta la comodidad acogedora de dormir en una nube todas las noches: nuestra almohada de embarazo llena de poli\u00e9ster de primera calidad proporciona el equilibrio perfecto de comodidad y apoyo para todo tu cuerpo. Di adi\u00f3s a lanzar y girar durante la noche y disfruta de la sensaci\u00f3n de dormir en una nube. Mantiene su forma incluso despu\u00e9s de un uso prolongado.<\/span><\/li>\n<li class=\"a-spacing-mini\"><span class=\"a-list-item\">Multiusos: la flexibilidad de la almohada de embarazo en forma de U permite varias posiciones, por lo que es adecuada para amamantar, ver televisi\u00f3n, leer o proporcionar apoyo a diferentes partes de tu cuerpo.<\/span><\/li>\n<li class=\"a-spacing-mini\"><span class=\"a-list-item\">M\u00e1s que una almohada de embarazo: la versatilidad de nuestra almohada corporal hace que sea adecuada tanto para personas que duermen de lado como de espalda. \u00a1No tienes que estar embarazada para disfrutar de sus beneficios! Ayuda a aliviar las molestias asociadas con el embarazo, la ci\u00e1tica, la fibromialgia, el reflujo g\u00e1strico, el dolor de espalda, el dolor de tobillo y mucho m\u00e1s. Un regalo ideal para cualquier persona.<\/span><\/li>\n<\/ul>\n","protected":false},"excerpt":{"rendered":"<p class=\"p1\">Almohada de embarazo de terciopelo, con forro de fibra de poli\u00e9ster, relleno de fibra de poli\u00e9ster (algod\u00f3n PP). Suave al tacto y de gran ayuda durante el embarazo.<\/p>\n","protected":false},"featured_media":923,"template":"","meta":{"site-sidebar-layout":"default","site-content-layout":"","ast-site-content-layout":"default","site-content-style":"default","site-sidebar-style":"default","ast-global-header-display":"","ast-banner-title-visibility":"","ast-main-header-display":"","ast-hfb-above-header-display":"","ast-hfb-below-header-display":"","ast-hfb-mobile-header-display":"","site-post-title":"","ast-breadcrumbs-content":"","ast-featured-img":"","footer-sml-layout":"","ast-disable-related-posts":"","theme-transparent-header-meta":"","adv-header-id-meta":"","stick-header-meta":"","header-above-stick-meta":"","header-main-stick-meta":"","header-below-stick-meta":"","astra-migrate-meta-layouts":"default","ast-page-background-enabled":"default","ast-page-background-meta":{"desktop":{"background-color":"var(--ast-global-color-5)","background-image":"","background-repeat":"repeat","background-position":"center center","background-size":"auto","background-attachment":"scroll","background-type":"","background-media":"","overlay-type":"","overlay-color":"","overlay-opacity":"","overlay-gradient":""},"tablet":{"background-color":"","background-image":"","background-repeat":"repeat","background-position":"center center","background-size":"auto","background-attachment":"scroll","background-type":"","background-media":"","overlay-type":"","overlay-color":"","overlay-opacity":"","overlay-gradient":""},"mobile":{"background-color":"","background-image":"","background-repeat":"repeat","background-position":"center center","background-size":"auto","background-attachment":"scroll","background-type":"","background-media":"","overlay-type":"","overlay-color":"","overlay-opacity":"","overlay-gradient":""}},"ast-content-background-meta":{"desktop":{"background-color":"var(--ast-global-color-4)","background-image":"","background-repeat":"repeat","background-position":"center center","background-size":"auto","background-attachment":"scroll","background-type":"","background-media":"","overlay-type":"","overlay-color":"","overlay-opacity":"","overlay-gradient":""},"tablet":{"background-color":"var(--ast-global-color-4)","background-image":"","background-repeat":"repeat","background-position":"center center","background-size":"auto","background-attachment":"scroll","background-type":"","background-media":"","overlay-type":"","overlay-color":"","overlay-opacity":"","overlay-gradient":""},"mobile":{"background-color":"var(--ast-global-color-4)","background-image":"","background-repeat":"repeat","background-position":"center center","background-size":"auto","background-attachment":"scroll","background-type":"","background-media":"","overlay-type":"","overlay-color":"","overlay-opacity":"","overlay-gradient":""}}},"product_brand":[],"product_cat":[43],"product_tag":[],"class_list":{"0":"post-922","1":"product","2":"type-product","3":"status-publish","4":"has-post-thumbnail","6":"product_cat-almohadas","7":"product_shipping_class-ligero-medio","8":"desktop-align-left","9":"tablet-align-left","10":"mobile-align-left","12":"first","13":"instock","14":"shipping-taxable","15":"purchasable","16":"product-type-simple"},"_links":{"self":[{"href":"https:\/\/bocimx.com.mx\/inicio\/wp-json\/wp\/v2\/product\/922","targetHints":{"allow":["GET"]}}],"collection":[{"href":"https:\/\/bocimx.com.mx\/inicio\/wp-json\/wp\/v2\/product"}],"about":[{"href":"https:\/\/bocimx.com.mx\/inicio\/wp-json\/wp\/v2\/types\/product"}],"wp:featuredmedia":[{"embeddable":true,"href":"https:\/\/bocimx.com.mx\/inicio\/wp-json\/wp\/v2\/media\/923"}],"wp:attachment":[{"href":"https:\/\/bocimx.com.mx\/inicio\/wp-json\/wp\/v2\/media?parent=922"}],"wp:term":[{"taxonomy":"product_brand","embeddable":true,"href":"https:\/\/bocimx.com.mx\/inicio\/wp-json\/wp\/v2\/product_brand?post=922"},{"taxonomy":"product_cat","embeddable":true,"href":"https:\/\/bocimx.com.mx\/inicio\/wp-json\/wp\/v2\/product_cat?post=922"},{"taxonomy":"product_tag","embeddable":true,"href":"https:\/\/bocimx.com.mx\/inicio\/wp-json\/wp\/v2\/product_tag?post=922"}],"curies":[{"name":"wp","href":"https:\/\/api.w.org\/{rel}","templated":true}]}}