{"id":931,"date":"2025-07-11T13:29:39","date_gmt":"2025-07-11T19:29:39","guid":{"rendered":"https:\/\/bocimx.com.mx\/inicio\/?post_type=product&#038;p=931"},"modified":"2025-09-22T12:28:02","modified_gmt":"2025-09-22T18:28:02","slug":"almohada-jl-l","status":"publish","type":"product","link":"https:\/\/bocimx.com.mx\/inicio\/product\/almohada-jl-l\/","title":{"rendered":"Almohada JL-L"},"content":{"rendered":"<div id=\"featurebullets_feature_div\" class=\"celwidget\" data-feature-name=\"featurebullets\" data-csa-c-type=\"widget\" data-csa-c-content-id=\"featurebullets\" data-csa-c-slot-id=\"featurebullets_feature_div\" data-csa-c-asin=\"B086TZMRCK\" data-csa-c-is-in-initial-active-row=\"false\" data-csa-c-id=\"wdzccn-2t0hoc-e7ggo4-z4oay8\" data-cel-widget=\"featurebullets_feature_div\">\n<div id=\"feature-bullets\" class=\"a-section a-spacing-medium a-spacing-top-small\">\n<ul class=\"a-unordered-list a-vertical a-spacing-mini\">\n<li class=\"a-spacing-mini\"><span class=\"a-list-item\">Disfruta de la relajaci\u00f3n: no solo para dormir, puedes crear posiciones c\u00f3modas con esta almohada ajustable para leer, ver televisi\u00f3n u otra relajaci\u00f3n.<\/span><\/li>\n<li class=\"a-spacing-mini\"><span class=\"a-list-item\">Una almohada para cualquier persona: no solo para mujeres en embarazo, esta almohada suave te rodear\u00e1 como un abrazo suave. Cualquier hombre o mujer disfrutar\u00e1 acurruc\u00e1ndose en \u00e9l.<\/span><\/li>\n<li class=\"a-spacing-mini\"><span class=\"a-list-item\">Duerme c\u00f3modamente a tu manera: la c\u00f3moda almohada corporal te rodear\u00e1 a ti y a tu beb\u00e9 con una amortiguaci\u00f3n y apoyo suaves. Rel\u00e1jate con pura comodidad. Es un regalo maravilloso para las mujeres embarazadas.<\/span><\/li>\n<li class=\"a-spacing-mini\"><span class=\"a-list-item\">Una maravillosa almohada de lactancia: con esta vers\u00e1til almohada corporal, ya no necesitas una almohada de lactancia. Funciona muy bien para amamantar y puede ser una maravillosa cuna en la cama para proteger a tu beb\u00e9.<\/span><\/li>\n<li class=\"a-spacing-mini\"><span class=\"a-list-item\">Dise\u00f1o ergon\u00f3mico: el dise\u00f1o de almohada de cuerpo completo reemplaza a otras almohadas peque\u00f1as en tu cama. Esta almohada corporal en forma de J+G es c\u00f3moda y sigue la forma del contorno de tu cuerpo que ayuda a apoyar tu cuerpo como espalda, vientre, caderas y rodilla.<\/span><\/li>\n<li class=\"a-spacing-mini\"><span class=\"a-list-item\">Funda lavable a m\u00e1quina: funda lavable a m\u00e1quina, una funda de almohada exterior con doble cierre, lo que hace que lavar la funda sea f\u00e1cil y sin costuras. Simplemente coloca la funda en la lavadora para una sensaci\u00f3n fresca cuando sea necesario.<\/span><\/li>\n<\/ul>\n<\/div>\n<\/div>\n<div id=\"productDetailsVoyagerAccordion_feature_div\" class=\"celwidget\" data-feature-name=\"productDetailsVoyagerAccordion\" data-csa-c-type=\"widget\" data-csa-c-content-id=\"productDetailsVoyagerAccordion\" data-csa-c-slot-id=\"productDetailsVoyagerAccordion_feature_div\" data-csa-c-asin=\"B086TZMRCK\" data-csa-c-is-in-initial-active-row=\"false\" data-csa-c-id=\"v1z2h0-mgd3eq-shn4c4-knjy89\" data-cel-widget=\"productDetailsVoyagerAccordion_feature_div\"><\/div>\n<div id=\"provenanceCertifications_feature_div\" class=\"celwidget\" data-feature-name=\"provenanceCertifications\" data-csa-c-type=\"widget\" data-csa-c-content-id=\"provenanceCertifications\" data-csa-c-slot-id=\"provenanceCertifications_feature_div\" data-csa-c-asin=\"B086TZMRCK\" data-csa-c-is-in-initial-active-row=\"false\" data-csa-c-id=\"psh1pd-ffdsg3-ykkzsh-1s1yu4\" data-cel-widget=\"provenanceCertifications_feature_div\"><\/div>\n<div id=\"handmadeArtisanCard_feature_div\" class=\"celwidget\" data-feature-name=\"handmadeArtisanCard\" data-csa-c-type=\"widget\" data-csa-c-content-id=\"handmadeArtisanCard\" data-csa-c-slot-id=\"handmadeArtisanCard_feature_div\" data-csa-c-asin=\"B086TZMRCK\" data-csa-c-is-in-initial-active-row=\"false\" data-csa-c-id=\"pqy0r0-72ok1m-tr6161-euee05\" data-cel-widget=\"handmadeArtisanCard_feature_div\"><\/div>\n<div id=\"customerReviewsAttribute_feature_div\" class=\"celwidget\" data-feature-name=\"customerReviewsAttribute\" data-csa-c-type=\"widget\" data-csa-c-content-id=\"customerReviewsAttribute\" data-csa-c-slot-id=\"customerReviewsAttribute_feature_div\" data-csa-c-asin=\"B086TZMRCK\" data-csa-c-is-in-initial-active-row=\"false\" data-csa-c-id=\"etzhnu-xjvg8f-8saf6l-e3rivo\" data-cel-widget=\"customerReviewsAttribute_feature_div\"><\/div>\n<div id=\"globalStoreInfoBullets_feature_div\" class=\"celwidget\" data-feature-name=\"globalStoreInfoBullets\" data-csa-c-type=\"widget\" data-csa-c-content-id=\"globalStoreInfoBullets\" data-csa-c-slot-id=\"globalStoreInfoBullets_feature_div\" data-csa-c-asin=\"B086TZMRCK\" data-csa-c-is-in-initial-active-row=\"false\" data-csa-c-id=\"mpuarq-l6cj8e-5vv8ya-dyzkmh\" data-cel-widget=\"globalStoreInfoBullets_feature_div\"><\/div>\n<div id=\"HLCXComparisonJumplink_feature_div\"><\/div>\n<div id=\"vendorPoweredCoupon_feature_div\" class=\"celwidget\" data-feature-name=\"vendorPoweredCoupon\" data-csa-c-type=\"widget\" data-csa-c-content-id=\"vendorPoweredCoupon\" data-csa-c-slot-id=\"vendorPoweredCoupon_feature_div\" data-csa-c-asin=\"B086TZMRCK\" data-csa-c-is-in-initial-active-row=\"false\" data-csa-c-id=\"o7ejhd-8hdukn-22g676-ss648u\" data-cel-widget=\"vendorPoweredCoupon_feature_div\"><\/div>\n<div id=\"addOnItem_feature_div\" class=\"celwidget\" data-feature-name=\"addOnItem\" data-csa-c-type=\"widget\" data-csa-c-content-id=\"addOnItem\" data-csa-c-slot-id=\"addOnItem_feature_div\" data-csa-c-asin=\"B086TZMRCK\" data-csa-c-is-in-initial-active-row=\"false\" data-csa-c-id=\"75kj65-yfas56-7vojcj-p50i2f\" data-cel-widget=\"addOnItem_feature_div\"><\/div>\n<div id=\"giftcard-holiday-availability-messaging_feature_div\" class=\"celwidget\" data-feature-name=\"giftCardHolidayAvailabilityMessaging\" data-csa-c-type=\"widget\" data-csa-c-content-id=\"giftCardHolidayAvailabilityMessaging\" data-csa-c-slot-id=\"giftcard-holiday-availability-messaging_feature_div\" data-csa-c-asin=\"B086TZMRCK\" data-csa-c-is-in-initial-active-row=\"false\" data-csa-c-id=\"26gdq7-abq0a8-u75so5-us93u9\" data-cel-widget=\"giftcard-holiday-availability-messaging_feature_div\"><\/div>\n<div id=\"olp_feature_div\" class=\"celwidget\" data-feature-name=\"olp\" data-csa-c-type=\"widget\" data-csa-c-content-id=\"olp\" data-csa-c-slot-id=\"olp_feature_div\" data-csa-c-asin=\"B086TZMRCK\" data-csa-c-is-in-initial-active-row=\"false\" data-csa-c-id=\"h3lxfm-1tebmc-v57p0r-2e6g3n\" data-cel-widget=\"olp_feature_div\">\n<div id=\"all-offers-display\" class=\"a-section\"><\/div>\n<\/div>\n<div id=\"buyingOptionNostosBadge_feature_div\" class=\"celwidget\" data-feature-name=\"buyingOptionNostosBadge\" data-csa-c-type=\"widget\" data-csa-c-content-id=\"buyingOptionNostosBadge\" data-csa-c-slot-id=\"buyingOptionNostosBadge_feature_div\" data-csa-c-asin=\"B086TZMRCK\" data-csa-c-is-in-initial-active-row=\"false\" data-csa-c-id=\"v5a0h9-ey1yfw-rwerb1-xrzmwf\" data-cel-widget=\"buyingOptionNostosBadge_feature_div\"><\/div>\n<div id=\"tellAmazon_feature_div\" class=\"celwidget\" data-feature-name=\"tellAmazon\" data-csa-c-type=\"widget\" data-csa-c-content-id=\"tellAmazon\" data-csa-c-slot-id=\"tellAmazon_feature_div\" data-csa-c-asin=\"B086TZMRCK\" data-csa-c-is-in-initial-active-row=\"false\" data-csa-c-id=\"fsjyk4-o7hwwk-6w13bn-1pxpxx\" data-cel-widget=\"tellAmazon_feature_div\">\n<div class=\"celwidget c-f\" data-csa-op-log-render=\"\" data-csa-c-content-id=\"DsUnknown\" data-csa-c-slot-id=\"DsUnknown-6\" data-csa-c-type=\"widget\" data-csa-c-painter=\"tell-amazon-desktop-cards\" data-csa-c-id=\"wsunv-ofm8g6-ix58le-13eypr\" data-cel-widget=\"tell-amazon-desktop_DetailPage_5\">\n<div id=\"CardInstancevnX6a9QIKvwdnji3w2kOPQ\" data-card-metrics-id=\"tell-amazon-desktop_DetailPage_5\" data-acp-tracking=\"{}\" data-mix-claimed=\"true\">\n<div class=\"_tell-amazon-desktop_style_tell_amazon_div__1YDZk\" data-asin=\"B086TZMRCK\" data-marketplace=\"A1AM78C64UM0Y8\" data-logged-in=\"false\"><\/div>\n<\/div>\n<\/div>\n<\/div>\n","protected":false},"excerpt":{"rendered":"<p class=\"p1\">Almohada de embarazo de fibra de poli\u00e9ster, con forro de fibra de poli\u00e9ster, relleno de fibra de poli\u00e9ster (algod\u00f3n PP). Suave al tacto y de gran ayuda durante el embarazo.<\/p>\n","protected":false},"featured_media":932,"template":"","meta":{"site-sidebar-layout":"default","site-content-layout":"","ast-site-content-layout":"default","site-content-style":"default","site-sidebar-style":"default","ast-global-header-display":"","ast-banner-title-visibility":"","ast-main-header-display":"","ast-hfb-above-header-display":"","ast-hfb-below-header-display":"","ast-hfb-mobile-header-display":"","site-post-title":"","ast-breadcrumbs-content":"","ast-featured-img":"","footer-sml-layout":"","ast-disable-related-posts":"","theme-transparent-header-meta":"","adv-header-id-meta":"","stick-header-meta":"","header-above-stick-meta":"","header-main-stick-meta":"","header-below-stick-meta":"","astra-migrate-meta-layouts":"default","ast-page-background-enabled":"default","ast-page-background-meta":{"desktop":{"background-color":"var(--ast-global-color-5)","background-image":"","background-repeat":"repeat","background-position":"center center","background-size":"auto","background-attachment":"scroll","background-type":"","background-media":"","overlay-type":"","overlay-color":"","overlay-opacity":"","overlay-gradient":""},"tablet":{"background-color":"","background-image":"","background-repeat":"repeat","background-position":"center center","background-size":"auto","background-attachment":"scroll","background-type":"","background-media":"","overlay-type":"","overlay-color":"","overlay-opacity":"","overlay-gradient":""},"mobile":{"background-color":"","background-image":"","background-repeat":"repeat","background-position":"center center","background-size":"auto","background-attachment":"scroll","background-type":"","background-media":"","overlay-type":"","overlay-color":"","overlay-opacity":"","overlay-gradient":""}},"ast-content-background-meta":{"desktop":{"background-color":"var(--ast-global-color-4)","background-image":"","background-repeat":"repeat","background-position":"center center","background-size":"auto","background-attachment":"scroll","background-type":"","background-media":"","overlay-type":"","overlay-color":"","overlay-opacity":"","overlay-gradient":""},"tablet":{"background-color":"var(--ast-global-color-4)","background-image":"","background-repeat":"repeat","background-position":"center center","background-size":"auto","background-attachment":"scroll","background-type":"","background-media":"","overlay-type":"","overlay-color":"","overlay-opacity":"","overlay-gradient":""},"mobile":{"background-color":"var(--ast-global-color-4)","background-image":"","background-repeat":"repeat","background-position":"center center","background-size":"auto","background-attachment":"scroll","background-type":"","background-media":"","overlay-type":"","overlay-color":"","overlay-opacity":"","overlay-gradient":""}}},"product_brand":[],"product_cat":[43],"product_tag":[],"class_list":{"0":"post-931","1":"product","2":"type-product","3":"status-publish","4":"has-post-thumbnail","6":"product_cat-almohadas","7":"product_shipping_class-ligero-medio","8":"desktop-align-left","9":"tablet-align-left","10":"mobile-align-left","12":"first","13":"instock","14":"shipping-taxable","15":"purchasable","16":"product-type-simple"},"_links":{"self":[{"href":"https:\/\/bocimx.com.mx\/inicio\/wp-json\/wp\/v2\/product\/931","targetHints":{"allow":["GET"]}}],"collection":[{"href":"https:\/\/bocimx.com.mx\/inicio\/wp-json\/wp\/v2\/product"}],"about":[{"href":"https:\/\/bocimx.com.mx\/inicio\/wp-json\/wp\/v2\/types\/product"}],"wp:featuredmedia":[{"embeddable":true,"href":"https:\/\/bocimx.com.mx\/inicio\/wp-json\/wp\/v2\/media\/932"}],"wp:attachment":[{"href":"https:\/\/bocimx.com.mx\/inicio\/wp-json\/wp\/v2\/media?parent=931"}],"wp:term":[{"taxonomy":"product_brand","embeddable":true,"href":"https:\/\/bocimx.com.mx\/inicio\/wp-json\/wp\/v2\/product_brand?post=931"},{"taxonomy":"product_cat","embeddable":true,"href":"https:\/\/bocimx.com.mx\/inicio\/wp-json\/wp\/v2\/product_cat?post=931"},{"taxonomy":"product_tag","embeddable":true,"href":"https:\/\/bocimx.com.mx\/inicio\/wp-json\/wp\/v2\/product_tag?post=931"}],"curies":[{"name":"wp","href":"https:\/\/api.w.org\/{rel}","templated":true}]}}