{"id":957,"date":"2025-07-11T15:43:58","date_gmt":"2025-07-11T21:43:58","guid":{"rendered":"https:\/\/bocimx.com.mx\/inicio\/?post_type=product&#038;p=957"},"modified":"2025-09-22T12:10:46","modified_gmt":"2025-09-22T18:10:46","slug":"almohada-yfz-j-hl","status":"publish","type":"product","link":"https:\/\/bocimx.com.mx\/inicio\/product\/almohada-yfz-j-hl\/","title":{"rendered":"Almohada YFZ-J-HL"},"content":{"rendered":"<ul class=\"a-unordered-list a-vertical a-spacing-mini\">\n<li class=\"a-spacing-mini\"><span class=\"a-list-item\">Dise\u00f1o \u00fanico: nuestra almohada corporal en forma de U soporta tu espalda, caderas, rodillas, cuello y cabeza para prevenir y aliviar la ci\u00e1tica, la acidez estomacal y el dolor de espalda baja; te facilita un mejor sue\u00f1o, reduciendo interrupciones durante toda la noche<\/span><\/li>\n<li class=\"a-spacing-mini\"><span class=\"a-list-item\">Material de alta calidad: alta calidad que garantiza una comodidad y uso duraderos sin que el coj\u00edn pierda su apoyo y forma, funda de almohada lavable a m\u00e1quina con cierre para una f\u00e1cil extracci\u00f3n y limpieza<\/span><\/li>\n<li class=\"a-spacing-mini\"><span class=\"a-list-item\">Almohada multifuncional: la almohada de maternidad de cuerpo completo crea m\u00faltiples posiciones para leer, ver la televisi\u00f3n, dormir o simplemente relajarse para obtener m\u00e1s apoyo. Adem\u00e1s, es una almohada de lactancia perfecta que mantiene al beb\u00e9 apoyado y elevado mientras la espalda de la madre todav\u00eda est\u00e1 acolchada<\/span><\/li>\n<li class=\"a-spacing-mini\"><span class=\"a-list-item\">Duerme mejor: tira y no gira m\u00e1s. Esta almohada de maternidad se fija a la almohada principal del cuerpo para apoyo adicional de espalda o vientre, lo que hace que esta sea la almohada perfecta para mujeres embarazadas y casi cualquier otra persona<\/span><\/li>\n<li class=\"a-spacing-mini\"><span class=\"a-list-item\">Satisfacci\u00f3n 100% garantizada: gran regalo para mostrar a tus seres queridos, familiares o amigos que realmente te importa su relajaci\u00f3n y salud.<\/span><\/li>\n<\/ul>\n","protected":false},"excerpt":{"rendered":"<p class=\"p1\">Almohada de embarazo de terciopelo cristal, con forro de fibra de poli\u00e9ster, relleno de fibra de poli\u00e9ster (algod\u00f3n PP). Suave al tacto y de gran ayuda durante el embarazo.<\/p>\n","protected":false},"featured_media":958,"template":"","meta":{"site-sidebar-layout":"default","site-content-layout":"","ast-site-content-layout":"default","site-content-style":"default","site-sidebar-style":"default","ast-global-header-display":"","ast-banner-title-visibility":"","ast-main-header-display":"","ast-hfb-above-header-display":"","ast-hfb-below-header-display":"","ast-hfb-mobile-header-display":"","site-post-title":"","ast-breadcrumbs-content":"","ast-featured-img":"","footer-sml-layout":"","ast-disable-related-posts":"","theme-transparent-header-meta":"","adv-header-id-meta":"","stick-header-meta":"","header-above-stick-meta":"","header-main-stick-meta":"","header-below-stick-meta":"","astra-migrate-meta-layouts":"default","ast-page-background-enabled":"default","ast-page-background-meta":{"desktop":{"background-color":"var(--ast-global-color-5)","background-image":"","background-repeat":"repeat","background-position":"center center","background-size":"auto","background-attachment":"scroll","background-type":"","background-media":"","overlay-type":"","overlay-color":"","overlay-opacity":"","overlay-gradient":""},"tablet":{"background-color":"","background-image":"","background-repeat":"repeat","background-position":"center center","background-size":"auto","background-attachment":"scroll","background-type":"","background-media":"","overlay-type":"","overlay-color":"","overlay-opacity":"","overlay-gradient":""},"mobile":{"background-color":"","background-image":"","background-repeat":"repeat","background-position":"center center","background-size":"auto","background-attachment":"scroll","background-type":"","background-media":"","overlay-type":"","overlay-color":"","overlay-opacity":"","overlay-gradient":""}},"ast-content-background-meta":{"desktop":{"background-color":"var(--ast-global-color-4)","background-image":"","background-repeat":"repeat","background-position":"center center","background-size":"auto","background-attachment":"scroll","background-type":"","background-media":"","overlay-type":"","overlay-color":"","overlay-opacity":"","overlay-gradient":""},"tablet":{"background-color":"var(--ast-global-color-4)","background-image":"","background-repeat":"repeat","background-position":"center center","background-size":"auto","background-attachment":"scroll","background-type":"","background-media":"","overlay-type":"","overlay-color":"","overlay-opacity":"","overlay-gradient":""},"mobile":{"background-color":"var(--ast-global-color-4)","background-image":"","background-repeat":"repeat","background-position":"center center","background-size":"auto","background-attachment":"scroll","background-type":"","background-media":"","overlay-type":"","overlay-color":"","overlay-opacity":"","overlay-gradient":""}}},"product_brand":[],"product_cat":[43],"product_tag":[],"class_list":{"0":"post-957","1":"product","2":"type-product","3":"status-publish","4":"has-post-thumbnail","6":"product_cat-almohadas","7":"product_shipping_class-ligero-medio","8":"desktop-align-left","9":"tablet-align-left","10":"mobile-align-left","12":"first","13":"outofstock","14":"shipping-taxable","15":"purchasable","16":"product-type-simple"},"_links":{"self":[{"href":"https:\/\/bocimx.com.mx\/inicio\/wp-json\/wp\/v2\/product\/957","targetHints":{"allow":["GET"]}}],"collection":[{"href":"https:\/\/bocimx.com.mx\/inicio\/wp-json\/wp\/v2\/product"}],"about":[{"href":"https:\/\/bocimx.com.mx\/inicio\/wp-json\/wp\/v2\/types\/product"}],"wp:featuredmedia":[{"embeddable":true,"href":"https:\/\/bocimx.com.mx\/inicio\/wp-json\/wp\/v2\/media\/958"}],"wp:attachment":[{"href":"https:\/\/bocimx.com.mx\/inicio\/wp-json\/wp\/v2\/media?parent=957"}],"wp:term":[{"taxonomy":"product_brand","embeddable":true,"href":"https:\/\/bocimx.com.mx\/inicio\/wp-json\/wp\/v2\/product_brand?post=957"},{"taxonomy":"product_cat","embeddable":true,"href":"https:\/\/bocimx.com.mx\/inicio\/wp-json\/wp\/v2\/product_cat?post=957"},{"taxonomy":"product_tag","embeddable":true,"href":"https:\/\/bocimx.com.mx\/inicio\/wp-json\/wp\/v2\/product_tag?post=957"}],"curies":[{"name":"wp","href":"https:\/\/api.w.org\/{rel}","templated":true}]}}